012?
-2222000
In base 9, what is 120 + -87?
22
In base 4, what is -31222 - -11?
-31211
In base 11, what is -39a22 + 5?
-39a18
In base 13, what is -26991 + -9?
-2699a
In base 4, what is -322 - -10310?
3322
In base 15, what is -83 + e?
-74
In base 14, what is -69599 + 0?
-69599
In base 9, what is -51 + -4487?
-4548
In base 13, what is -4 + -14a38b?
-14a392
In base 16, what is -7e + c?
-72
In base 6, what is 142422 + 5?
142431
In base 13, what is 15 + 79?
91
In base 4, what is 22233311 - -212?
22300123
In base 9, what is -317510 + 3?
-317506
In base 3, what is -101220001 - 20?
-101220021
In base 14, what is 194b + 83?
19d0
In base 7, what is 240404 - 24?
240350
In base 2, what is 111 - 10010001010011111?
-10010001010011000
In base 10, what is 31598 + -9?
31589
In base 9, what is 2524 + -5810?
-3275
In base 3, what is 1002002 + -1022021?
-20012
In base 16, what is 14fa + -db?
141f
In base 6, what is 3413151 + -4?
3413143
In base 14, what is -2119 - -44?
-20b5
In base 13, what is -a091 + 5?
-a089
In base 2, what is 10001001 + 10001111100?
10100000101
In base 13, what is -137 + 311?
1a7
In base 5, what is 4 + 3312234?
3312243
In base 12, what is 9 + 69bb?
6a08
In base 6, what is 52115 + 20?
52135
In base 2, what is -1100101011100 + -1110001?
-1100111001101
In base 3, what is -210 - -100220102?
100212122
In base 5, what is -133411223 - 4?
-133411232
In base 8, what is -754534 - -17?
-754515
In base 10, what is -38166 - -5?
-38161
In base 5, what is -1001 + -101123?
-102124
In base 3, what is 1020021 - 1012220?
101
In base 3, what is 2 - 2020111?
-2020102
In base 11, what is -21 + -740?
-761
In base 15, what is 5 - 4c9ad?
-4c9a8
In base 3, what is -120021121122 + -10?
-120021121202
In base 11, what is -10347 - 94?
-10430
In base 11, what is -55561 - -3?
-55559
In base 12, what is -39 + -15b?
-198
In base 2, what is 1111 - 11111001010010010?
-11111001010000011
In base 15, what is -13947 + -4?
-1394b
In base 11, what is -560113 - -3?
-560110
In base 6, what is 3 - 315331?
-315324
In base 10, what is -1 + -268223?
-268224
In base 7, what is 2605354 + -3?
2605351
In base 10, what is 16582 - -5?
16587
In base 16, what is -844 + -2c?
-870
In base 12, what is -18 + 400?
3a4
In base 15, what is 9 - -74a?
754
In base 5, what is -12 - 102231232?
-102231244
In base 10, what is 2122731 - -4?
2122735
In base 14, what is 1 - 12121?
-12120
In base 13, what is -2 + -1349?
-134b
In base 5, what is -24013 - 20?
-24033
In base 8, what is 146665 + -4?
146661
In base 13, what is -10b2 + -9?
-10bb
In base 10, what is 11 + -3664?
-3653
In base 10, what is 40 - -776?
816
In base 7, what is -25535 - -15?
-25520
In base 16, what is -ac + -7f?
-12b
In base 12, what is 2 + -4169?
-4167
In base 2, what is 1101110111010011 - 100?
1101110111001111
In base 11, what is 597 - -110?
6a7
In base 11, what is 3a1942 + -17?
3a1926
In base 3, what is -21122102 - 121?
-21200000
In base 15, what is 179ca - 6?
179c4
In base 13, what is 37c88 + 8?
37c93
In base 12, what is bb3573 + -2?
bb3571
In base 14, what is 14 - b83?
-b6d
In base 6, what is 200 + -3530?
-3330
In base 16, what is 14fb51 - 2?
14fb4f
In base 6, what is 2 + 214213?
214215
In base 16, what is f16 + 0?
f16
In base 9, what is -4171 - 46?
-4227
In base 4, what is -102130 + 3?
-102121
In base 11, what is -66 + 53a?
484
In base 16, what is 3a8 + -a?
39e
In base 7, what is -5 + 4450010?
4450002
In base 13, what is -1706 + -35?
-173b
In base 6, what is 53 + 12051?
12144
In base 7, what is -120 - 5413?
-5533
In base 5, what is 1 + -203313?
-203312
In base 9, what is -165780 + 1?
-165778
In base 11, what is 527a - 2?
5278
In base 10, what is 454 - 124?
330
In base 7, what is 4344511 - 3?
4344505
In base 7, what is -4245 - -1012?
-3233
In base 7, what is 2 + -36220?
-36215
In base 3, what is -1022021210102 + 0?
-1022021210102
In base 11, what is -1386a + -2?
-13871
In base 8, what is -7007 + 77?
-6710
In base 8, what is 24 + -51235?
-51211
In base 13, what is -4 + 1141a9?
1141a5
In base 9, what is 374 - -152?
536
In base 2, what is 10011010011111110 - 1?
10011010011111101
In base 16, what is -7 + -d6b?
-d72
In base 6, what is -24043030 + 2?
-24043024
In base 14, what is 8 + -bd2?
-bc8
In base 2, what is 0 - 10111111100100111?
-10111111100100111
In base 9, what is 504 - 2545?
-2041
In base 2, what is -10100 - 1010101010110010?
-1010101011000110
In base 9, what is 2 + -28361?
-28358
In base 8, what is 1032764 - -3?
1032767
In base 10, what is -5 - 2266?
-2271
In base 14, what is -12db8 + 3?
-12db5
In base 14, what is 29457 - -7?
29460
In base 11, what is 4 - 702a7?
-702a3
In base 10, what is 47 - -445?
492
In base 5, what is 3311 + -301?
3010
In base 7, what is -3 - -2365231?
2365225
In base 8, what is -25053611 + 5?
-25053604
In base 11, what is 5a7 + 65?
661
In base 2, what is 100101 - 11101011101?
-11100111000
In base 8, what is -2 - 10124?
-10126
In base 6, what is 10 + -5522550?
-5522540
In base 2, what is 1010000110001001111 + 100?
1010000110001010011
In base 12, what is -215 + -5bb?
-814
In base 4, what is -101113302321 - 3?
-101113302330
In base 14, what is c146 - 7?
c13d
In base 2, what is -100 - 1011110110001?
-1011110110101
In base 8, what is 5501 + 73?
5574
In base 12, what is -320a + -2?
-3210
In base 5, what is 111220411 - -1?
111220412
In base 3, what is -11112021 - 112?
-11112210
In base 13, what is 12 + 1979a?
197ac
In base 14, what is 76dd0 + 3?
76dd3
In base 16, what is 1 - -1e11?
1e12
In base 16, what is 179bd1 - -4?
179bd5
In base 5, what is 13041 - 1?
13040
In base 12, what is -1b + -378?
-397
In base 8, what is -2 + 12510?
12506
In base 11, what is 29 - -5794?
5812
In base 6, what is 0 - -34354?
34354
In base 4, what is 21220 - -13111?
100331
In base 4, what is -210320 + 0?
-210320
In base 6, what is -324213 + -4?
-324221
In base 13, what is -10b4cb + 3?
-10b4c8
In base 13, what is 17 + -a?
a
In base 11, what is 8876 + 5?
8880
In base 7, what is -1 + 51351?
51350
In base 8, what is -246526 - -3?
-246523
In base 9, what is 782 + 207?
1100
In base 14, what is a - -87?
93
In base 13, what is -cb + 20c?
111
In base 4, what is 121221021 - 111?
121220310
In base 4, what is -21 - 303213?
-303300
In base 4, what is -20211 - -332?
-13213
In base 9, what is 16 - 1657?
-1641
In base 8, what is 23465 + -1?
23464
In base 13, what is -6 + 209b5?
209ac
In base 5, what is 401231 + -304?
400422
In base 5, what is -134400 - -114?
-134231
In base 6, what is 44 - -200330?
200414
In base 12, what is 1bb8 - -1?
1bb9
In base 8, what is -3 + -4307647?
-4307652
In base 15, what is -14c1 + -a?
-14cb
In base 6, what is -154412 - 12?
-154424
In base 14, what is 9804b + 4?
98051
In base 9, what is 14652 - -5?
14657
In base 3, what is 111 - 101101201?
-101101020
In base 2, what is 1001010000000100110 + 1?
1001010000000100111
In base 16, what is 5d3 + -188?
44b
In base 8, what is -44 - 314?
-360
In base 6, what is -1421 - -150?
-1231
In base 9, what is -15524 - -86?
-15427
In base 13, what is -271a26 + 0?
-271a26
In base 11, what is -108 + -103?
-210
In base 10, what is -40513 - 1?
-40514
In base 7, what is 3260 + -1216?
2041
In base 6, what is -453 - -2324?
1431
In base 9, what is 0 + 2488635?
2488635
In base 6, what is 3551 - -1150?
5141
In base 13, what is -9 + 1c5a?
1c51
In base 16, what is 5 + -574b5?
-574b0
In base 6, what is -152 + -2043?
-2235
In base 14, what is d34b + 10?
d35b
In base 9, what is -4 - 6087?
-6102
In base 4, what is 3222 + 1212?
11100
In base 5, what is -10 - -1213441?
1213431
In base 9, what is 71 + -102?
-21
In base 15, what is -75 + -1435?
-14aa
In base 11, what is 2 - -8712?
8714
In base 11, what is 324 - 2003?
-178a
In base 6, what is 11 + -10552130?
-10552115
In base 6, what is -53 + -1240?
-1333
In base 13, what is 1 + 42a38?
42a39
In base 14, what is 10d0194 - -3?
10d0197
In base 3, what is -1101 + 201111201?
201110100
In base 11, what is -10 + 201a81?
201a71
In base 12, what is 68 + 352b?
3597
In base 3, what is -102222 - 10011?
-120010
In base 3, what is -221011222221 - 12?
-221012000010
In base 16, what is -11 - 435b?
-436c
In base 9, what is 72328 - 5?
72323
In base 11, what is -80a9 + 43?
-8066
In base 3, what is -12 + -1100021001001?
-1100021001020
In base 9, what is -102 + -4766?
-4868
In base 11, what 